t g(y) be the third derivative of y**7/2520 - y**6/144 - y**5/30 + 17*y**4/24 + 2*y**2 - 5*y. Let j(i) be the second derivative of g(i). What is j(5)?
-4
Let q(w) = w**3 - 4*w**2 - 1. Suppose 0 = -i + 2 + 1. Suppose -i*z - z - 4*a - 4 = 0, -4*a = -3*z + 32. Give q(z).
-1
Let n(s) = 0*s**3 - 227 + 242 + 8*s**2 + s**3 + 12*s. Calculate n(-7).
-20
Let a(j) = j**3 - 6*j**2 - 6*j + 1. Let q be a(7). Suppose 2*u - 2 - q = 0. Let l(w) = -u + 5*w - 4*w + 11. Give l(5).
11
Let s(r) = r**2 + r - 1. Let t(x) = -x**3 + 10*x**2 + 5. Let n be t(10). Suppose 5*d = 3*y - 1, 2*y + 0*y + d = n. Let h be 2 - (-2 + 2 + y). Calculate s(h).
-1
Let o(d) be the second derivative of d**5/20 + d**4/2 - d**3/6 - 3*d**2/2 - 2*d. Let s = -42 - -45. Let z = -9 + s. Determine o(z).
3
Let b(v) = v**3 + 3*v**2 - 4*v - 1. Suppose -3*q - 17 = u, 7*q + 2*u + 22 = 4*q. Calculate b(q).
-1
Let z(g) = 0 + 23*g**3 + 7*g**2 - 19*g**2 - 43*g**3 + 21*g**3 - 9. Calculate z(12).
-9
Let l = 12 - 30. Let s = l - -15. Let j(r) = -r**3 - 3*r**2 - 2*r - 3. Let h be j(s). Let b(a) = -a**3 + 5*a**2 - 4*a + 3. Calculate b(h).
9
Let r(k) = k - 3. Suppose -3 = -s - 4*t, 1 + 22 = 3*s - 2*t. Determine r(s).
4
Let m(a) = 2*a**2 + 18*a - 9. Let t = -1352 + 1343. Give m(t).
-9
Let q be (-2 + 1)/3*-9. Suppose 0 = -3*a - 3*b + 42, 3*b + 4 - 13 = 0. Let k(j) = -16*j - 4. Let u(n) = -3*n - 1. Let p(m) = a*u(m) - 2*k(m). Determine p(q).
-6
Let f(z) be the second derivative of -z**4/12 - 5*z**3/6 + 15*z**2/2 - 279*z. Give f(-7).
1
Let a(h) be the third derivative of 0 + 0*h - 9*h**2 + 11/120*h**6 + 1/6*h**3 + 1/12*h**4 + 0*h**5. What is a(-1)?
-12
Let s(t) = t**3 + 2*t**2 - t - 2. Let f be (-12)/(-2) - (1 - -5)/6. Suppose -2*r + f*l + 12 = -r, 4 = -2*l. Give s(r).
12
Let n(q) = -3*q + 4*q + 1 - 3*q + 4*q. Suppose 0 = -4*r + 8, 0*r = m - r. Suppose 7 = -4*k + k + f, 3 = -m*k - f. What is n(k)?
-3
Let f(i) = i - 7. Suppose 19*m - 44 = 8*m. Let t be (m + -9 - -8) + 6. Calculate f(t).
2
Suppose 0 = -31*o + 27*o - 4*m + 8, -6 = -3*m. Let w(u) = -11*u + 5. Calculate w(o).
5
Let i(k) be the second derivative of k**5/20 + 5*k**4/12 + 2*k**3/3 - k**2/2 + 2*k. Let f be (-1150)/(-115) - 5*3. Calculate i(f).
-21
Suppose p + 40 = 21*p. Let n(r) = r**3 - 4*r**2 + r + 2. Calculate n(p).
-4
Let y(r) = 4 - 3 + 0*r - r. Let c(t) = 1. Let w(x) = c(x) - y(x). Suppose -3*d + 12 = -92*p + 95*p, 0 = 5*d - 10. What is w(p)?
2
Let n(j) be the first derivative of -j**6/120 - 2*j**3 - 28. Let u(w) be the third derivative of n(w). Give u(1).
-3
Let n(d) = 39626*d + d**3 - 39628*d - d**2 + 3*d**2. Let y = -1 + -1. Determine n(y).
4
Let g(o) = -2*o**2 - 2*o + 3. Let z(i) = -i**2 - 2*i + 2. Let w(q) = 3*g(q) - 4*z(q). Let s be w(1). Let d(r) = -8*r - 1. Calculate d(s).
-9
Let l(f) = f - 92 + 92. Calculate l(-4).
-4
Let a(w) = 92*w + 5. Let t(o) = 70*o + 4. Let p(b) = 3*a(b) - 4*t(b). Suppose -2*z + 20 = -0*z. Suppose -z = -2*s + 3*g, 2*s + 2*s - 12 = 2*g. What is p(s)?
-9
Let o(a) = 4*a - 1. Let c be 2/(-5) + (-4336)/(-40). Let u be c/(-48)*(-8)/6. Determine o(u).
11
Let d(w) = w**2 + 0*w**2 - 2*w**2 + 9 + 3704*w - 3704*w. Determine d(4).
-7
Let n(w) = -2 + 6*w**2 - 4*w**3 + 5*w**2 - 2*w - w**3 - 7*w**2. Calculate n(2).
-30
Let h(u) = -2*u**2 + 17*u + 7. Let o(g) = 2*g**2 - 17*g - 8. Let c(q) = 7*h(q) + 6*o(q). Let b(s) = s**2 - 8*s - 1. Let j(k) = 5*b(k) + 2*c(k). Give j(5).
-8
Let w be 0 + 3 + (0 - 0). Let x(b) = 7 + 264*b**2 - 3 - 2*b - 263*b**2. Give x(w).
7
Let j(g) = -5*g**2 - 4*g - 2. Let c(t) = -t**3 - 10*t**2 - 12*t - 10. Let k be c(-9). Suppose -k = -x - 8. Let a be (0 - 1) + (x - 10). Calculate j(a).
-14
Let w(p) = -145*p + 5 + 312*p - 169*p - 4*p**2. Give w(0).
5
Let d(w) = -2. Let i(h) = -2*h - 5. Let v(g) = -6*d(g) + 2*i(g). Suppose 228*f + 3 = 227*f. Calculate v(f).
14
Let s(o) be the first derivative of o**4/4 + 2*o**3 + o**2 + 7*o + 51. Calculate s(-5).
22
Suppose -5*h - 6 = -5*j - 4*h, 2 = -j + h. Suppose 0 = 2*n + 35 - 1. Let x(k) = 9*k - 2. Let t(f) = -26*f + 6. Let v(i) = n*x(i) - 6*t(i). Give v(j).
4
Let b(f) = -2*f**2 - 1. Let c be 9*7/14*2/3. Give b(c).
-19
Suppose -5*v = -15 - 30. Let r = v + -7. Let h(u) = -2 - r*u**2 + 1 - u + u. Determine h(1).
-3
Let j(b) be the second derivative of 1/20*b**5 + 0 + 0*b**4 + 1/2*b**2 + 1/6*b**3 - 18*b. Calculate j(-1).
-1
Let j(x) = x**2 + 2*x + 3. Suppose -4*l + 11 = -3*h, 0 = 3*l - 9 - 6. Suppose -h*p - 4*p - 14 = 0. Calculate j(p).
3
Let p(u) = -4 + 4 + 2 - 11*u**2 + 0*u + 3*u + 9*u**2. What is p(3)?
-7
Let w = 1 - -7. Suppose 7 = -f - 5*g, -4*f + w*f + g - 10 = 0. Let k(h) = -8*h**2 + 7*h**2 - 2*h**f - h - 2*h**3 + 8*h**3 + 1. Calculate k(1).
3
Let y(b) = 3*b + 1740 + b**2 + 1738 - 3481. Suppose h - 4*z + 10 = 0, h - 6*z + 5*z = -1. What is y(h)?
7
Suppose 48 = -2*p + 6*p. Let r be 0*(p/9 - 1). Suppose 15 = -5*z - r*o + 3*o, 4*z + 5*o = -12. Let y(d) = -d**3 - 5*d**2 - 3*d - 3. What is y(z)?
-12
Let s(v) be the second derivative of -v**2 - 2*v + 0 + 1/3*v**3 + 1/12*v**4. Let a = -849 + 845. Determine s(a).
6
Let b(x) be the second derivative of 1/24*x**4 - x - 2*x**2 + 1/120*x**6 + 0 + 1/30*x**5 + 1/3*x**3. Let l(n) be the first derivative of b(n). What is l(-2)?
0
Suppose -2*d = 8, 5*l - d = -2*d - 14. Let w(o) = 5*o**3 - o**2 - 1. Give w(l).
-45
Suppose 3*c - 40 = -5*g, -4*c + 2*g = -2*c. Let z(o) be the first derivative of -1/2*o**2 + 13 + 0*o. What is z(c)?
-5
Suppose -17*u + 552 = -16*u. Let o be (-4)/(-10) + u/120. Let q(x) = -5*x + 3. Determine q(o).
-22
Suppose -4*d + 3 = 3*n, -7*n = -2*n - d - 28. Let g(u) be the second derivative of 4*u + 1/2*u**4 - 1/20*u**5 + 0 - 5/6*u**3 + 3*u**2. What is g(n)?
6
Let o = -8 - -16. Let p = o + -5. Let r(g) = -g**3 + 3*g**2 - g + 1. Let h be r(p). Let b(j) = -j - 1. Give b(h).
1
Let m = 163 + -168. Let h(x) = -7*x - 4. Determine h(m).
31
Let k(t) = -t**2 + 6*t. Suppose -u + 19 - 23 = -3*y, u + 7 = 4*y. Calculate k(u).
5
Let b(h) be the third derivative of -5*h**4/24 + 4*h**3/3 + 6*h**2 + 5. What is b(5)?
-17
Let u = 95 + -96. Let f(c) = -1. Let l(r) = -2*r**2 - 5*r + 4. Let j(y) = u*l(y) - 4*f(y). Let i be 13/(-3) - (-2)/6. Determine j(i).
12
Let o(u) = 3*u**2 - 21*u + 8. Let j(v) = -2*v**2 + 14*v - 5. Suppose -c = -3*c - 3*g + 10, 0 = -4*g. Let d(q) = c*o(q) + 8*j(q). Give d(6).
6
Let s = -16298 - -16298. Suppose h + 2 = 2*h. Let f(q) = -h*q**2 + 2*q - q + 5 - q**3 + q**2. Determine f(s).
5
Suppose 3*b = -21 - 54. Let p = b + 21. Let m(k) = -k - 2. Determine m(p).
2
Let x(a) = a**2 - 4*a + 3. Let c(z) = -z**2 - z + 8 + z**3 + 0 - 6. Let s be c(2). Calculate x(s).
3
Let j(v) = -2*v + 1. Let c(l) = -15*l**3 - 2*l**2 - 4*l. Let a(d) = -c(d) + j(d). Calculate a(-1).
-14
Let o(k) be the first derivative of -1/4*k**4 - 6 + 5/3*k**3 + 0*k - k**2. Determine o(2).
8
Let c(m) = 3*m - 24. Let s be c(9). Let h(d) = 23 - 6*d + 10*d - s*d. Determine h(0).
23
Let h(n) = 60*n**2 - 2 - 2*n + 1 - 5 + n**3 - 54*n**2. Suppose 18 = -5*l - 12. Determine h(l).
6
Let s(t) = 21*t + 18. Let v(o) = -36*o - 17. Let n(q) = 3*s(q) + 2*v(q). Determine n(3).
-7
Let d(r) = -2*r - 4. Suppose -j + 325 = 4*j. Suppose 2*x - 2*w = -2, 5*x + j = -4*w + 15. Determine d(x).
8
Let r(v) = v**2 - 2*v - 5. Let u be (-5)/(-2) + (-1258)/(-148). Let k be (2 + 0)/2 - 1. Suppose k = u*g - 14*g + 15. Calculate r(g).
10
Let u(h) be the first derivative of 1/3*h**3 + 7*h + 44 - 9/2*h**2. Give u(6).
-11
Let w(o) be the second derivative of -o**5/20 - o**4/3 - o**3/2 + 39*o - 1. Calculate w(-3).
0
Let r be 8/44 + -17*16/44. Let i be (r/21 - (-22)/28)*2. Let z(f) = -f**2 + 4*f - 3. Let t(j) = 3*j**2 - 17*j + 13. Let a(v) = 2*t(v) + 9*z(v). What is a(i)?
-2
Suppose -20 = -7*h + 2*h. Let b(p) = 4 + p**3 - p - 1 + h*p. Let r = 1 + -3. What is b(r)?
-11
Let x(a) be the second derivative of 0 - 5/6*a**3 + a**2 + 14*a + 1/12*a**4. Determine x(5).
2
Let z(o) = o**2 + 9*o - 5. Let p(y) = -y**2 - 18*y - 40. Let u be p(-16). Calculate z(u).
-13
Let k(c) = 5*c - 3. Let o(m) = -m**3 - 3*m**2 + 4. Let i be o(-4). Suppose 19 = 2*x + 5*a, 2 + i = 5*x + 4*a. Calculate k(x).
7
Let y(q) = -q**2 - 3*q + 4. Let c be y(-4). Suppose 4*g = -g, 3*t = 2*g + 6. Let f(m) = -5*m**2 + 0*m**2 + 6*m**t - 10 + 3. Calculate f(c).
-7
Let w = 54 + -53. Let y(s) = 4 - w - 2*s + 7*s - 3*s**2 - 3*s. Give y(-2).
-13
L